[
MAINHACK
]
Mail Test
BC
Config Scan
HOME
Create...
New File
New Folder
Viewing / Editing File: atlasege.com.tr-ssl_log
File is not writable. Editing disabled.
66.249.72.33 - - [19/Apr/2026:15:03:11 +0300] "GET /?w=61601216948617 HTTP/1.1" 200 5166 "-" "Mozilla/5.0 (Linux; Android 6.0.1; Nexus 5X Build/MMB29P) AppleWebKit/537.36 (KHTML, like Gecko) Chrome/146.0.7680.177 Mobile Safari/537.36 (compatible; Googlebot/2.1; +http://www.google.com/bot.html)"
98.56.196.250 - - [19/Apr/2026:15:09:23 +0300] "GET /sertifikalarimiz/ HTTP/1.1" 404 - "-" "Opera/9.10.(Windows NT 11.0; yo-NG) Presto/2.9.167 Version/10.00"
38.137.51.41 - - [19/Apr/2026:15:19:55 +0300] "GET /urun/yun-yorgan/ HTTP/1.1" 404 - "-" "Mozilla/5.0 (Windows; U; Windows 95) AppleWebKit/535.2.4 (KHTML, like Gecko) Version/4.0 Safari/535.2.4"
14.175.241.177 - - [19/Apr/2026:15:23:00 +0300] "GET /urun/pamuk-yastik/ HTTP/1.1" 404 - "-" "Opera/9.93.(X11; Linux i686; tr-TR) Presto/2.9.173 Version/11.00"
45.191.228.126 - - [19/Apr/2026:15:26:54 +0300] "GET /urun/anti-stres-yorgan/ HTTP/1.1" 404 - "-" "Mozilla/5.0 (compatible; MSIE 9.0; Windows 95; Trident/4.1)"
195.62.36.8 - - [19/Apr/2026:15:26:56 +0300] "GET /urun/kaz-tuyu-yastik/ HTTP/1.1" 404 - "-" "Mozilla/5.0 (Android 11; Mobile; rv:44.0) Gecko/44.0 Firefox/44.0"
43.172.195.208 - - [19/Apr/2026:15:29:26 +0300] "GET /urun/alez-yatak-koruyucu/ HTTP/1.1" 404 - "-" "Mozilla/5.0 (Windows NT 10.0; Win64; x64) AppleWebKit/537.36 (KHTML, like Gecko) Chrome/131.0.0.0 Safari/537.36"
43.172.197.206 - - [19/Apr/2026:15:31:33 +0300] "GET /wp-json/ HTTP/1.1" 404 - "-" "Mozilla/5.0 (Windows NT 10.0; Win64; x64) AppleWebKit/537.36 (KHTML, like Gecko) Chrome/106.0.5249.119 Safari/537.36"
66.249.72.40 - - [19/Apr/2026:15:37:58 +0300] "GET /?w=39073278706979 HTTP/1.1" 200 5166 "-" "Mozilla/5.0 (Linux; Android 6.0.1; Nexus 5X Build/MMB29P) AppleWebKit/537.36 (KHTML, like Gecko) Chrome/146.0.7680.177 Mobile Safari/537.36 (compatible; Googlebot/2.1; +http://www.google.com/bot.html)"
66.249.69.236 - - [19/Apr/2026:15:40:44 +0300] "GET /wp-includes/js/wp-emoji-release.min.js?ver=6.9.4 HTTP/1.1" 200 22762 "-" "Mozilla/5.0 (Linux; Android 6.0.1; Nexus 5X Build/MMB29P) AppleWebKit/537.36 (KHTML, like Gecko) Chrome/146.0.7680.177 Mobile Safari/537.36 (compatible; Googlebot/2.1; +http://www.google.com/bot.html)"
85.208.96.202 - - [19/Apr/2026:15:43:57 +0300] "GET /robots.txt HTTP/1.1" 200 69 "-" "Mozilla/5.0 (compatible; SemrushBot/7~bl; +http://www.semrush.com/bot.html)"
185.191.171.4 - - [19/Apr/2026:15:43:58 +0300] "GET /author/yonetim/ HTTP/1.1" 404 - "-" "Mozilla/5.0 (compatible; SemrushBot/7~bl; +http://www.semrush.com/bot.html)"
47.128.53.146 - - [19/Apr/2026:15:44:21 +0300] "GET /robots.txt HTTP/1.1" 200 69 "-" "Mozilla/5.0 (Linux; Android 5.0) AppleWebKit/537.36 (KHTML, like Gecko) Mobile Safari/537.36 (compatible; Bytespider; spider-feedback@bytedance.com)"
138.84.45.8 - - [19/Apr/2026:15:45:52 +0300] "GET /urun/bambu-yorgan/ HTTP/1.1" 404 - "-" "Mozilla/5.0 (Macintosh; U; Intel Mac OS X 10_12_5) AppleWebKit/531.0 (KHTML, like Gecko) Chrome/49.0.813.0 Safari/531.0"
66.249.69.235 - - [19/Apr/2026:15:46:29 +0300] "GET /?b=57156025637685 HTTP/1.1" 200 5166 "-" "Mozilla/5.0 (Linux; Android 6.0.1; Nexus 5X Build/MMB29P) AppleWebKit/537.36 (KHTML, like Gecko) Chrome/146.0.7680.177 Mobile Safari/537.36 (compatible; Googlebot/2.1; +http://www.google.com/bot.html)"
104.247.168.220 - - [19/Apr/2026:15:48:21 +0300] "POST /wp-cron.php?doing_wp_cron=1776602901.0380849838256835937500 HTTP/1.1" 200 - "-" "WordPress/6.9.4; https://atlasege.com.tr"
47.128.53.163 - - [19/Apr/2026:15:48:19 +0300] "GET /wp-login.php HTTP/1.1" 200 9378 "-" "Mozilla/5.0 (Linux; Android 5.0) AppleWebKit/537.36 (KHTML, like Gecko) Mobile Safari/537.36 (compatible; Bytespider; spider-feedback@bytedance.com)"
47.128.53.163 - - [19/Apr/2026:15:48:21 +0300] "GET /wp-includes/css/buttons.min.css?ver=6.9.4 HTTP/1.1" 200 6061 "https://atlasege.com.tr/wp-login.php" "Mozilla/5.0 (Linux; Android 5.0) AppleWebKit/537.36 (KHTML, like Gecko) Mobile Safari/537.36 (compatible; Bytespider; spider-feedback@bytedance.com)"
47.128.53.163 - - [19/Apr/2026:15:48:21 +0300] "GET /wp-includes/css/dashicons.min.css?ver=6.9.4 HTTP/1.1" 200 59004 "https://atlasege.com.tr/wp-login.php" "Mozilla/5.0 (Linux; Android 5.0) AppleWebKit/537.36 (KHTML, like Gecko) Mobile Safari/537.36 (compatible; Bytespider; spider-feedback@bytedance.com)"
47.128.53.163 - - [19/Apr/2026:15:48:22 +0300] "GET /wp-admin/css/l10n.min.css?ver=6.9.4 HTTP/1.1" 200 3200 "https://atlasege.com.tr/wp-login.php" "Mozilla/5.0 (Linux; Android 5.0) AppleWebKit/537.36 (KHTML, like Gecko) Mobile Safari/537.36 (compatible; Bytespider; spider-feedback@bytedance.com)"
47.128.53.163 - - [19/Apr/2026:15:48:22 +0300] "GET /wp-admin/css/forms.min.css?ver=6.9.4 HTTP/1.1" 200 28422 "https://atlasege.com.tr/wp-login.php" "Mozilla/5.0 (Linux; Android 5.0) AppleWebKit/537.36 (KHTML, like Gecko) Mobile Safari/537.36 (compatible; Bytespider; spider-feedback@bytedance.com)"
47.128.53.163 - - [19/Apr/2026:15:48:22 +0300] "GET /wp-admin/css/login.min.css?ver=6.9.4 HTTP/1.1" 200 6381 "https://atlasege.com.tr/wp-login.php" "Mozilla/5.0 (Linux; Android 5.0) AppleWebKit/537.36 (KHTML, like Gecko) Mobile Safari/537.36 (compatible; Bytespider; spider-feedback@bytedance.com)"
47.128.53.163 - - [19/Apr/2026:15:48:23 +0300] "GET /wp-admin/images/wordpress-logo.svg?ver=20131107 HTTP/1.1" 206 500 "https://atlasege.com.tr/wp-admin/css/login.min.css?ver=6.9.4" "Mozilla/5.0 (Linux; Android 5.0) AppleWebKit/537.36 (KHTML, like Gecko) Mobile Safari/537.36 (compatible; Bytespider; spider-feedback@bytedance.com)"
47.128.53.163 - - [19/Apr/2026:15:48:23 +0300] "GET /wp-admin/images/wordpress-logo.svg?ver=20131107 HTTP/1.1" 304 - "https://atlasege.com.tr/wp-admin/css/login.min.css?ver=6.9.4" "Mozilla/5.0 (Linux; Android 5.0) AppleWebKit/537.36 (KHTML, like Gecko) Mobile Safari/537.36 (compatible; Bytespider; spider-feedback@bytedance.com)"
47.128.53.163 - - [19/Apr/2026:15:48:24 +0300] "GET /wp-admin/images/wordpress-logo.svg?ver=20131107 HTTP/1.1" 206 1021 "https://atlasege.com.tr/wp-admin/css/login.min.css?ver=6.9.4" "Mozilla/5.0 (Linux; Android 5.0) AppleWebKit/537.36 (KHTML, like Gecko) Mobile Safari/537.36 (compatible; Bytespider; spider-feedback@bytedance.com)"
66.249.69.237 - - [19/Apr/2026:15:51:51 +0300] "GET /?b=7784434772370 HTTP/1.1" 200 5166 "-" "Mozilla/5.0 (Linux; Android 6.0.1; Nexus 5X Build/MMB29P) AppleWebKit/537.36 (KHTML, like Gecko) Chrome/146.0.7680.177 Mobile Safari/537.36 (compatible; Googlebot/2.1; +http://www.google.com/bot.html)"
47.128.53.181 - - [19/Apr/2026:15:52:27 +0300] "GET /pucci.php HTTP/1.1" 200 38637 "-" "Mozilla/5.0 (Linux; Android 5.0) AppleWebKit/537.36 (KHTML, like Gecko) Mobile Safari/537.36 (compatible; Bytespider; spider-feedback@bytedance.com)"
66.249.69.237 - - [19/Apr/2026:15:59:21 +0300] "GET /?b=46205509430051 HTTP/1.1" 200 5166 "-" "Mozilla/5.0 (Linux; Android 6.0.1; Nexus 5X Build/MMB29P) AppleWebKit/537.36 (KHTML, like Gecko) Chrome/146.0.7680.177 Mobile Safari/537.36 (compatible; Googlebot/2.1; +http://www.google.com/bot.html)"
47.128.53.193 - - [19/Apr/2026:16:00:21 +0300] "GET /?C=N%3BO=D HTTP/1.1" 200 5166 "-" "Mozilla/5.0 (Linux; Android 5.0) AppleWebKit/537.36 (KHTML, like Gecko) Mobile Safari/537.36 (compatible; Bytespider; spider-feedback@bytedance.com)"
66.249.69.237 - - [19/Apr/2026:16:06:51 +0300] "GET /items/O91009185/ HTTP/1.1" 404 - "-" "Mozilla/5.0 (Linux; Android 6.0.1; Nexus 5X Build/MMB29P) AppleWebKit/537.36 (KHTML, like Gecko) Chrome/146.0.7680.177 Mobile Safari/537.36 (compatible; Googlebot/2.1; +http://www.google.com/bot.html)"
192.3.24.135 - - [19/Apr/2026:16:07:19 +0300] "POST /index.php/wp-json/litespeed/v1/cdn_status HTTP/1.1" 404 16 "https://atlasege.com.tr:443/wp-admin/update.php?action=upload-plugin" "Mozilla/5.0 (Windows NT 10.0; Win64; x64; rv:128.0) Gecko/20100101 Firefox/128.0"
205.210.31.167 - - [19/Apr/2026:16:08:13 +0300] "GET / HTTP/1.1" 200 37907 "-" "Hello from Palo Alto Networks, find out more about our scans in https://docs-cortex.paloaltonetworks.com/r/1/Cortex-Xpanse/Scanning-activity"
114.119.140.56 - - [19/Apr/2026:16:11:07 +0300] "GET /urun/anti-stres-yorgan/ HTTP/1.1" 404 - "https://atlasege.com.tr/sepet/" "Mozilla/5.0 (Linux; Android 7.0;) AppleWebKit/537.36 (KHTML, like Gecko) Mobile Safari/537.36 (compatible; PetalBot;+https://webmaster.petalsearch.com/site/petalbot)"
66.249.69.236 - - [19/Apr/2026:16:14:49 +0300] "GET /?b=5445578776665 HTTP/1.1" 200 5166 "-" "Mozilla/5.0 (Linux; Android 6.0.1; Nexus 5X Build/MMB29P) AppleWebKit/537.36 (KHTML, like Gecko) Chrome/146.0.7680.177 Mobile Safari/537.36 (compatible; Googlebot/2.1; +http://www.google.com/bot.html)"
66.249.72.33 - - [19/Apr/2026:16:14:54 +0300] "GET /?w=15495285880866 HTTP/1.1" 200 5166 "-" "Mozilla/5.0 (Linux; Android 6.0.1; Nexus 5X Build/MMB29P) AppleWebKit/537.36 (KHTML, like Gecko) Chrome/146.0.7680.177 Mobile Safari/537.36 (compatible; Googlebot/2.1; +http://www.google.com/bot.html)"
66.249.69.237 - - [19/Apr/2026:16:15:36 +0300] "GET /?b=34270830689756 HTTP/1.1" 200 5166 "-" "Mozilla/5.0 (compatible; Googlebot/2.1; +http://www.google.com/bot.html)"
216.73.216.212 - - [19/Apr/2026:16:20:03 +0300] "GET /robots.txt HTTP/1.1" 200 69 "-" "Mozilla/5.0 AppleWebKit/537.36 (KHTML, like Gecko; compatible; ClaudeBot/1.0; +claudebot@anthropic.com)"
216.73.216.212 - - [19/Apr/2026:16:20:03 +0300] "GET /?b=38555264866812 HTTP/1.1" 200 5166 "-" "Mozilla/5.0 AppleWebKit/537.36 (KHTML, like Gecko; compatible; ClaudeBot/1.0; +claudebot@anthropic.com)"
66.249.69.236 - - [19/Apr/2026:16:20:12 +0300] "GET /urun-etiketi/kaz-tuyu/ HTTP/1.1" 404 - "-" "Mozilla/5.0 (Linux; Android 6.0.1; Nexus 5X Build/MMB29P) AppleWebKit/537.36 (KHTML, like Gecko) Chrome/146.0.7680.177 Mobile Safari/537.36 (compatible; Googlebot/2.1; +http://www.google.com/bot.html)"
66.249.69.236 - - [19/Apr/2026:16:21:51 +0300] "GET /?b=19572816449387 HTTP/1.1" 200 5166 "-" "Mozilla/5.0 (Linux; Android 6.0.1; Nexus 5X Build/MMB29P) AppleWebKit/537.36 (KHTML, like Gecko) Chrome/146.0.7680.177 Mobile Safari/537.36 (compatible; Googlebot/2.1; +http://www.google.com/bot.html)"
169.224.83.10 - - [19/Apr/2026:16:31:32 +0300] "GET /urun-kategori/yastik/ HTTP/1.1" 404 - "-" "Mozilla/5.0 (Linux; Android 2.2) AppleWebKit/532.0 (KHTML, like Gecko) Chrome/28.0.835.0 Safari/532.0"
114.119.131.43 - - [19/Apr/2026:16:33:20 +0300] "GET /author/yonetim HTTP/1.1" 404 - "-" "Mozilla/5.0 (Linux; Android 7.0;) AppleWebKit/537.36 (KHTML, like Gecko) Mobile Safari/537.36 (compatible; PetalBot;+https://webmaster.petalsearch.com/site/petalbot)"
40.77.167.154 - - [19/Apr/2026:16:39:08 +0300] "GET /wp-sitemap-users-1.xml HTTP/1.1" 404 - "-" "Mozilla/5.0 AppleWebKit/537.36 (KHTML, like Gecko; compatible; bingbot/2.0; +http://www.bing.com/bingbot.htm) Chrome/116.0.1938.76 Safari/537.36"
79.127.132.140 - - [19/Apr/2026:16:46:04 +0300] "GET / HTTP/1.1" 200 5166 "-" "Mozilla/5.0 (X11; Ubuntu; Linux x86_64; rv:126.0) Gecko/20100101 Firefox/126.0"
79.127.132.140 - - [19/Apr/2026:16:46:04 +0300] "GET / HTTP/1.1" 200 5166 "-" "Mozilla/5.0 (X11; Ubuntu; Linux x86_64; rv:126.0) Gecko/20100101 Firefox/126.0"
66.249.72.33 - - [19/Apr/2026:16:51:51 +0300] "GET /?w=3624185457221 HTTP/1.1" 200 5166 "-" "Mozilla/5.0 (Linux; Android 6.0.1; Nexus 5X Build/MMB29P) AppleWebKit/537.36 (KHTML, like Gecko) Chrome/146.0.7680.177 Mobile Safari/537.36 (compatible; Googlebot/2.1; +http://www.google.com/bot.html)"
66.249.72.32 - - [19/Apr/2026:17:03:48 +0300] "GET /shop/storeSearch/KeepCriteriaInput?&transition=top/ HTTP/1.1" 404 - "-" "Mozilla/5.0 (Linux; Android 6.0.1; Nexus 5X Build/MMB29P) AppleWebKit/537.36 (KHTML, like Gecko) Chrome/146.0.7680.177 Mobile Safari/537.36 (compatible; Googlebot/2.1; +http://www.google.com/bot.html)"
66.249.72.40 - - [19/Apr/2026:17:12:12 +0300] "GET /items/L157056589/ HTTP/1.1" 404 - "-" "Mozilla/5.0 (Linux; Android 6.0.1; Nexus 5X Build/MMB29P) AppleWebKit/537.36 (KHTML, like Gecko) Chrome/146.0.7680.177 Mobile Safari/537.36 (compatible; Googlebot/2.1; +http://www.google.com/bot.html)"
114.119.140.56 - - [19/Apr/2026:17:19:14 +0300] "GET / HTTP/1.1" 200 5166 "https://atlasege.com.tr/sepet/" "Mozilla/5.0 (Linux; Android 7.0;) AppleWebKit/537.36 (KHTML, like Gecko) Mobile Safari/537.36 (compatible; PetalBot;+https://webmaster.petalsearch.com/site/petalbot)"
66.249.72.40 - - [19/Apr/2026:17:21:51 +0300] "GET /items/B140820478/ HTTP/1.1" 404 - "-" "Mozilla/5.0 (Linux; Android 6.0.1; Nexus 5X Build/MMB29P) AppleWebKit/537.36 (KHTML, like Gecko) Chrome/146.0.7680.177 Mobile Safari/537.36 (compatible; Googlebot/2.1; +http://www.google.com/bot.html)"
43.174.157.19 - - [19/Apr/2026:17:28:49 +0300] "GET /iletisim HTTP/1.1" 404 - "-" "Mozilla/5.0 (Windows NT 10.0; Win64; x64) AppleWebKit/537.36 (KHTML, like Gecko) Chrome/142.0.0.0 Safari/537.36"
43.174.157.19 - - [19/Apr/2026:17:28:50 +0300] "GET /favicon.ico HTTP/1.1" 404 - "https://atlasege.com.tr/iletisim" "Mozilla/5.0 (Windows NT 10.0; Win64; x64) AppleWebKit/537.36 (KHTML, like Gecko) Chrome/142.0.0.0 Safari/537.36"
114.119.152.216 - - [19/Apr/2026:17:39:49 +0300] "GET /urun-kategori/yastik/anti-stres-yastik HTTP/1.1" 404 - "https://atlasege.com.tr/urun-etiketi/anti-stres" "Mozilla/5.0 (Linux; Android 7.0;) AppleWebKit/537.36 (KHTML, like Gecko) Mobile Safari/537.36 (compatible; PetalBot;+https://webmaster.petalsearch.com/site/petalbot)"
114.8.213.0 - - [19/Apr/2026:17:48:57 +0300] "GET / HTTP/1.1" 200 5166 "-" "Mozilla/5.0 (Linux; Android 10; K) AppleWebKit/537.36 (KHTML, like Gecko) Chrome/146.0.0.0 Mobile Safari/537.36"
114.8.213.0 - - [19/Apr/2026:17:48:58 +0300] "GET /favicon.ico HTTP/1.1" 404 - "https://www.atlasege.com.tr/" "Mozilla/5.0 (Linux; Android 10; K) AppleWebKit/537.36 (KHTML, like Gecko) Chrome/146.0.0.0 Mobile Safari/537.36"
114.8.213.0 - - [19/Apr/2026:17:49:05 +0300] "GET /pucci.php HTTP/1.1" 200 38635 "https://www.atlasege.com.tr/" "Mozilla/5.0 (Linux; Android 10; K) AppleWebKit/537.36 (KHTML, like Gecko) Chrome/146.0.0.0 Mobile Safari/537.36"
114.8.213.0 - - [19/Apr/2026:17:49:08 +0300] "POST /pucci.php HTTP/1.1" 200 3106 "https://www.atlasege.com.tr/pucci.php" "Mozilla/5.0 (Linux; Android 10; K) AppleWebKit/537.36 (KHTML, like Gecko) Chrome/146.0.0.0 Mobile Safari/537.36"
114.8.213.0 - - [19/Apr/2026:17:49:11 +0300] "POST /pucci.php HTTP/1.1" 200 3940 "https://www.atlasege.com.tr/pucci.php" "Mozilla/5.0 (Linux; Android 10; K) AppleWebKit/537.36 (KHTML, like Gecko) Chrome/146.0.0.0 Mobile Safari/537.36"
114.8.213.0 - - [19/Apr/2026:17:49:18 +0300] "POST /pucci.php HTTP/1.1" 200 3106 "https://www.atlasege.com.tr/pucci.php" "Mozilla/5.0 (Linux; Android 10; K) AppleWebKit/537.36 (KHTML, like Gecko) Chrome/146.0.0.0 Mobile Safari/537.36"
114.8.213.0 - - [19/Apr/2026:17:49:26 +0300] "POST /pucci.php HTTP/1.1" 200 3611 "https://www.atlasege.com.tr/pucci.php" "Mozilla/5.0 (Linux; Android 10; K) AppleWebKit/537.36 (KHTML, like Gecko) Chrome/146.0.0.0 Mobile Safari/537.36"
85.208.98.18 - - [19/Apr/2026:17:50:52 +0300] "HEAD / HTTP/1.1" 200 - "-" "Mozilla/5.0 (compatible; SemrushBot; +http://www.semrush.com/bot.html)"
66.249.69.235 - - [19/Apr/2026:17:51:51 +0300] "GET /?b=72541101163530 HTTP/1.1" 200 5166 "-" "Mozilla/5.0 (Linux; Android 6.0.1; Nexus 5X Build/MMB29P) AppleWebKit/537.36 (KHTML, like Gecko) Chrome/146.0.7680.177 Mobile Safari/537.36 (compatible; Googlebot/2.1; +http://www.google.com/bot.html)"
216.73.216.212 - - [19/Apr/2026:17:52:26 +0300] "GET /robots.txt HTTP/1.1" 200 69 "-" "Mozilla/5.0 AppleWebKit/537.36 (KHTML, like Gecko; compatible; ClaudeBot/1.0; +claudebot@anthropic.com)"
216.73.216.212 - - [19/Apr/2026:17:52:26 +0300] "GET /wp-settings.php HTTP/1.1" 500 - "-" "Mozilla/5.0 AppleWebKit/537.36 (KHTML, like Gecko; compatible; ClaudeBot/1.0; +claudebot@anthropic.com)"
216.73.216.212 - - [19/Apr/2026:17:52:27 +0300] "GET /wp-config-sample.php HTTP/1.1" 500 2431 "-" "Mozilla/5.0 AppleWebKit/537.36 (KHTML, like Gecko; compatible; ClaudeBot/1.0; +claudebot@anthropic.com)"
216.73.216.212 - - [19/Apr/2026:17:52:51 +0300] "GET /readme.html HTTP/1.1" 200 7425 "-" "Mozilla/5.0 AppleWebKit/537.36 (KHTML, like Gecko; compatible; ClaudeBot/1.0; +claudebot@anthropic.com)"
216.73.216.212 - - [19/Apr/2026:17:52:52 +0300] "GET /cgi-bin/ HTTP/1.1" 404 - "-" "Mozilla/5.0 AppleWebKit/537.36 (KHTML, like Gecko; compatible; ClaudeBot/1.0; +claudebot@anthropic.com)"
216.73.216.212 - - [19/Apr/2026:17:53:29 +0300] "GET /wp-blog-header.php HTTP/1.1" 500 - "-" "Mozilla/5.0 AppleWebKit/537.36 (KHTML, like Gecko; compatible; ClaudeBot/1.0; +claudebot@anthropic.com)"
104.247.168.220 - - [19/Apr/2026:17:53:29 +0300] "POST /wp-cron.php?doing_wp_cron=1776610409.7441699504852294921875 HTTP/1.1" 200 - "-" "WordPress/6.9.4; https://atlasege.com.tr"
216.73.216.212 - - [19/Apr/2026:17:53:29 +0300] "GET /wp-links-opml.php HTTP/1.1" 200 245 "-" "Mozilla/5.0 AppleWebKit/537.36 (KHTML, like Gecko; compatible; ClaudeBot/1.0; +claudebot@anthropic.com)"
216.73.216.212 - - [19/Apr/2026:17:54:10 +0300] "GET /wp-content/ HTTP/1.1" 200 - "-" "Mozilla/5.0 AppleWebKit/537.36 (KHTML, like Gecko; compatible; ClaudeBot/1.0; +claudebot@anthropic.com)"
216.73.216.212 - - [19/Apr/2026:17:54:10 +0300] "GET /wp-mail.php HTTP/1.1" 403 2518 "-" "Mozilla/5.0 AppleWebKit/537.36 (KHTML, like Gecko; compatible; ClaudeBot/1.0; +claudebot@anthropic.com)"
216.73.216.212 - - [19/Apr/2026:17:54:15 +0300] "GET /wp-activate.php HTTP/1.1" 500 2661 "-" "Mozilla/5.0 AppleWebKit/537.36 (KHTML, like Gecko; compatible; ClaudeBot/1.0; +claudebot@anthropic.com)"
216.73.216.212 - - [19/Apr/2026:17:54:15 +0300] "GET /wp-config.php HTTP/1.1" 200 - "-" "Mozilla/5.0 AppleWebKit/537.36 (KHTML, like Gecko; compatible; ClaudeBot/1.0; +claudebot@anthropic.com)"
216.73.216.212 - - [19/Apr/2026:17:54:51 +0300] "GET /wp-includes/ HTTP/1.1" 200 53022 "-" "Mozilla/5.0 AppleWebKit/537.36 (KHTML, like Gecko; compatible; ClaudeBot/1.0; +claudebot@anthropic.com)"
216.73.216.212 - - [19/Apr/2026:17:54:52 +0300] "GET /wp-comments-post.php HTTP/1.1" 405 - "-" "Mozilla/5.0 AppleWebKit/537.36 (KHTML, like Gecko; compatible; ClaudeBot/1.0; +claudebot@anthropic.com)"
216.73.216.212 - - [19/Apr/2026:17:55:28 +0300] "GET /wp-cron.php HTTP/1.1" 200 - "-" "Mozilla/5.0 AppleWebKit/537.36 (KHTML, like Gecko; compatible; ClaudeBot/1.0; +claudebot@anthropic.com)"
216.73.216.212 - - [19/Apr/2026:17:55:28 +0300] "GET /wp-signup.php HTTP/1.1" 500 2661 "-" "Mozilla/5.0 AppleWebKit/537.36 (KHTML, like Gecko; compatible; ClaudeBot/1.0; +claudebot@anthropic.com)"
216.73.216.212 - - [19/Apr/2026:17:55:33 +0300] "GET /pucci.php HTTP/1.1" 200 38640 "-" "Mozilla/5.0 AppleWebKit/537.36 (KHTML, like Gecko; compatible; ClaudeBot/1.0; +claudebot@anthropic.com)"
216.73.216.212 - - [19/Apr/2026:17:55:33 +0300] "GET /mine.php HTTP/1.1" 200 - "-" "Mozilla/5.0 AppleWebKit/537.36 (KHTML, like Gecko; compatible; ClaudeBot/1.0; +claudebot@anthropic.com)"
216.73.216.212 - - [19/Apr/2026:17:56:18 +0300] "GET /wp-load.php HTTP/1.1" 200 - "-" "Mozilla/5.0 AppleWebKit/537.36 (KHTML, like Gecko; compatible; ClaudeBot/1.0; +claudebot@anthropic.com)"
216.73.216.212 - - [19/Apr/2026:17:56:19 +0300] "GET /wp-login.php HTTP/1.1" 200 9378 "-" "Mozilla/5.0 AppleWebKit/537.36 (KHTML, like Gecko; compatible; ClaudeBot/1.0; +claudebot@anthropic.com)"
216.73.216.212 - - [19/Apr/2026:17:56:30 +0300] "GET /ok.zip HTTP/1.1" 200 - "-" "Mozilla/5.0 AppleWebKit/537.36 (KHTML, like Gecko; compatible; ClaudeBot/1.0; +claudebot@anthropic.com)"
216.73.216.212 - - [19/Apr/2026:17:56:30 +0300] "GET /wp-admin/ HTTP/1.1" 302 - "-" "Mozilla/5.0 AppleWebKit/537.36 (KHTML, like Gecko; compatible; ClaudeBot/1.0; +claudebot@anthropic.com)"
216.73.216.212 - - [19/Apr/2026:17:56:31 +0300] "GET /wp-login.php?redirect_to=https%3A%2F%2Fatlasege.com.tr%2Fwp-admin%2F&reauth=1 HTTP/1.1" 200 9474 "https://atlasege.com.tr/wp-admin/" "Mozilla/5.0 AppleWebKit/537.36 (KHTML, like Gecko; compatible; ClaudeBot/1.0; +claudebot@anthropic.com)"
216.73.216.212 - - [19/Apr/2026:17:56:56 +0300] "GET /license.txt HTTP/1.1" 200 19903 "-" "Mozilla/5.0 AppleWebKit/537.36 (KHTML, like Gecko; compatible; ClaudeBot/1.0; +claudebot@anthropic.com)"
104.247.168.220 - - [19/Apr/2026:17:56:56 +0300] "POST /wp-cron.php?doing_wp_cron=1776610616.7937240600585937500000 HTTP/1.1" 200 - "-" "WordPress/6.9.4; https://atlasege.com.tr"
216.73.216.212 - - [19/Apr/2026:17:56:56 +0300] "GET /wp-trackback.php HTTP/1.1" 404 152 "-" "Mozilla/5.0 AppleWebKit/537.36 (KHTML, like Gecko; compatible; ClaudeBot/1.0; +claudebot@anthropic.com)"
216.73.216.212 - - [19/Apr/2026:17:57:47 +0300] "GET /uje.txt HTTP/1.1" 200 1 "-" "Mozilla/5.0 AppleWebKit/537.36 (KHTML, like Gecko; compatible; ClaudeBot/1.0; +claudebot@anthropic.com)"
216.73.216.212 - - [19/Apr/2026:17:57:47 +0300] "GET /robots.txt HTTP/1.1" 200 69 "-" "Mozilla/5.0 AppleWebKit/537.36 (KHTML, like Gecko; compatible; ClaudeBot/1.0; +claudebot@anthropic.com)"
216.73.216.212 - - [19/Apr/2026:17:58:23 +0300] "GET /wp-slgnup.gz HTTP/1.1" 200 2788 "-" "Mozilla/5.0 AppleWebKit/537.36 (KHTML, like Gecko; compatible; ClaudeBot/1.0; +claudebot@anthropic.com)"
216.73.216.212 - - [19/Apr/2026:17:58:44 +0300] "GET /?C=S&O=A HTTP/1.1" 200 5166 "-" "Mozilla/5.0 AppleWebKit/537.36 (KHTML, like Gecko; compatible; ClaudeBot/1.0; +claudebot@anthropic.com)"
216.73.216.212 - - [19/Apr/2026:17:58:59 +0300] "GET /?C=M&O=A HTTP/1.1" 200 5166 "-" "Mozilla/5.0 AppleWebKit/537.36 (KHTML, like Gecko; compatible; ClaudeBot/1.0; +claudebot@anthropic.com)"
216.73.216.212 - - [19/Apr/2026:17:59:20 +0300] "GET /?C=N&O=D HTTP/1.1" 200 5166 "-" "Mozilla/5.0 AppleWebKit/537.36 (KHTML, like Gecko; compatible; ClaudeBot/1.0; +claudebot@anthropic.com)"
216.73.216.212 - - [19/Apr/2026:18:00:12 +0300] "GET /?C=D&O=A HTTP/1.1" 200 5166 "-" "Mozilla/5.0 AppleWebKit/537.36 (KHTML, like Gecko; compatible; ClaudeBot/1.0; +claudebot@anthropic.com)"
114.119.148.189 - - [19/Apr/2026:18:04:07 +0300] "GET /wp-sitemap-users-1.xml HTTP/1.1" 404 - "https://atlasege.com.tr/wp-sitemap-users-1.xml" "Mozilla/5.0 (Linux; Android 7.0;) AppleWebKit/537.36 (KHTML, like Gecko) Mobile Safari/537.36 (compatible; PetalBot;+https://webmaster.petalsearch.com/site/petalbot)"
114.119.146.215 - - [19/Apr/2026:18:06:56 +0300] "GET /robots.txt HTTP/1.1" 200 69 "-" "Mozilla/5.0 (compatible;PetalBot;+https://webmaster.petalsearch.com/site/petalbot)"
114.119.158.36 - - [19/Apr/2026:18:08:11 +0300] "GET /robots.txt HTTP/1.1" 200 69 "-" "Mozilla/5.0 (compatible;PetalBot;+https://webmaster.petalsearch.com/site/petalbot)"
66.249.69.236 - - [19/Apr/2026:18:11:03 +0300] "GET /wp-signup.php HTTP/1.1" 500 2661 "-" "Mozilla/5.0 (Linux; Android 6.0.1; Nexus 5X Build/MMB29P) AppleWebKit/537.36 (KHTML, like Gecko) Chrome/146.0.7680.177 Mobile Safari/537.36 (compatible; GoogleOther)"
66.249.69.235 - - [19/Apr/2026:18:21:51 +0300] "GET /items/A180763266/ HTTP/1.1" 404 - "-" "Mozilla/5.0 (Linux; Android 6.0.1; Nexus 5X Build/MMB29P) AppleWebKit/537.36 (KHTML, like Gecko) Chrome/146.0.7680.177 Mobile Safari/537.36 (compatible; Googlebot/2.1; +http://www.google.com/bot.html)"
66.249.69.236 - - [19/Apr/2026:18:27:34 +0300] "GET /?b=77977424041705 HTTP/1.1" 200 5166 "-" "Mozilla/5.0 (Linux; Android 6.0.1; Nexus 5X Build/MMB29P) AppleWebKit/537.36 (KHTML, like Gecko) Chrome/146.0.7680.177 Mobile Safari/537.36 (compatible; Googlebot/2.1; +http://www.google.com/bot.html)"
114.119.131.43 - - [19/Apr/2026:18:28:34 +0300] "GET /hesabim/ HTTP/1.1" 404 - "https://atlasege.com.tr/hesabim/" "Mozilla/5.0 (Linux; Android 7.0;) AppleWebKit/537.36 (KHTML, like Gecko) Mobile Safari/537.36 (compatible; PetalBot;+https://webmaster.petalsearch.com/site/petalbot)"
110.137.39.16 - - [19/Apr/2026:18:34:56 +0300] "GET / HTTP/1.1" 200 5166 "-" "Mozilla/5.0 (Windows; U; Windows 98; Win 9x 4.90) AppleWebKit/531.9.1 (KHTML, like Gecko) Version/4.0 Safari/531.9.1"
47.128.53.154 - - [19/Apr/2026:18:35:30 +0300] "GET /cgi-bin/ HTTP/1.1" 404 - "-" "Mozilla/5.0 (Linux; Android 5.0) AppleWebKit/537.36 (KHTML, like Gecko) Mobile Safari/537.36 (compatible; Bytespider; spider-feedback@bytedance.com)"
66.249.69.237 - - [19/Apr/2026:19:02:58 +0300] "GET /?b=32665744514252 HTTP/1.1" 200 5166 "-" "Mozilla/5.0 (Linux; Android 6.0.1; Nexus 5X Build/MMB29P) AppleWebKit/537.36 (KHTML, like Gecko) Chrome/146.0.7680.177 Mobile Safari/537.36 (compatible; Googlebot/2.1; +http://www.google.com/bot.html)"
216.73.216.212 - - [19/Apr/2026:19:05:06 +0300] "GET /robots.txt HTTP/1.1" 200 69 "-" "Mozilla/5.0 AppleWebKit/537.36 (KHTML, like Gecko; compatible; ClaudeBot/1.0; +claudebot@anthropic.com)"
216.73.216.212 - - [19/Apr/2026:19:05:07 +0300] "GET /sitemap.xml HTTP/1.1" 404 - "-" "Mozilla/5.0 AppleWebKit/537.36 (KHTML, like Gecko; compatible; ClaudeBot/1.0; +claudebot@anthropic.com)"
216.73.216.212 - - [19/Apr/2026:19:13:37 +0300] "GET /wp-admin/css/install.css HTTP/1.1" 200 6125 "-" "Mozilla/5.0 AppleWebKit/537.36 (KHTML, like Gecko; compatible; ClaudeBot/1.0; +claudebot@anthropic.com)"
104.247.168.220 - - [19/Apr/2026:19:14:36 +0300] "POST /wp-cron.php?doing_wp_cron=1776615276.2474579811096191406250 HTTP/1.1" 200 - "-" "WordPress/6.9.4; https://atlasege.com.tr"
216.73.216.212 - - [19/Apr/2026:19:14:35 +0300] "GET /wp-admin/upgrade.php HTTP/1.1" 200 1259 "-" "Mozilla/5.0 AppleWebKit/537.36 (KHTML, like Gecko; compatible; ClaudeBot/1.0; +claudebot@anthropic.com)"
104.247.168.220 - - [19/Apr/2026:19:17:00 +0300] "POST /wp-cron.php?doing_wp_cron=1776615420.8546249866485595703125 HTTP/1.1" 200 - "-" "WordPress/6.9.4; https://atlasege.com.tr"
216.73.216.212 - - [19/Apr/2026:19:17:00 +0300] "GET /wp-admin/import.php HTTP/1.1" 302 - "-" "Mozilla/5.0 AppleWebKit/537.36 (KHTML, like Gecko; compatible; ClaudeBot/1.0; +claudebot@anthropic.com)"
104.247.168.220 - - [19/Apr/2026:19:17:01 +0300] "POST /wp-cron.php?doing_wp_cron=1776615420.9874529838562011718750 HTTP/1.1" 200 - "-" "WordPress/6.9.4; https://atlasege.com.tr"
216.73.216.212 - - [19/Apr/2026:19:17:00 +0300] "GET /wp-admin/install.php HTTP/1.1" 200 1303 "-" "Mozilla/5.0 AppleWebKit/537.36 (KHTML, like Gecko; compatible; ClaudeBot/1.0; +claudebot@anthropic.com)"
216.73.216.212 - - [19/Apr/2026:19:17:01 +0300] "GET /wp-login.php?redirect_to=https%3A%2F%2Fatlasege.com.tr%2Fwp-admin%2Fimport.php&reauth=1 HTTP/1.1" 200 9494 "https://atlasege.com.tr/wp-admin/import.php" "Mozilla/5.0 AppleWebKit/537.36 (KHTML, like Gecko; compatible; ClaudeBot/1.0; +claudebot@anthropic.com)"
216.73.216.212 - - [19/Apr/2026:19:17:04 +0300] "GET /wp-admin/images/wordpress-logo.png HTTP/1.1" 200 2480 "-" "Mozilla/5.0 AppleWebKit/537.36 (KHTML, like Gecko; compatible; ClaudeBot/1.0; +claudebot@anthropic.com)"
104.247.168.220 - - [19/Apr/2026:19:19:49 +0300] "POST /wp-cron.php?doing_wp_cron=1776615589.7709710597991943359375 HTTP/1.1" 200 - "-" "WordPress/6.9.4; https://atlasege.com.tr"
216.73.216.212 - - [19/Apr/2026:19:19:49 +0300] "GET /wp-admin/update-core.php HTTP/1.1" 302 - "-" "Mozilla/5.0 AppleWebKit/537.36 (KHTML, like Gecko; compatible; ClaudeBot/1.0; +claudebot@anthropic.com)"
216.73.216.212 - - [19/Apr/2026:19:19:49 +0300] "GET /wp-login.php?redirect_to=https%3A%2F%2Fatlasege.com.tr%2Fwp-admin%2Fupdate-core.php&reauth=1 HTTP/1.1" 200 9504 "https://atlasege.com.tr/wp-admin/update-core.php" "Mozilla/5.0 AppleWebKit/537.36 (KHTML, like Gecko; compatible; ClaudeBot/1.0; +claudebot@anthropic.com)"
216.73.216.212 - - [19/Apr/2026:19:21:38 +0300] "GET /wp-includes/class-wp-user-request.php HTTP/1.1" 200 - "-" "Mozilla/5.0 AppleWebKit/537.36 (KHTML, like Gecko; compatible; ClaudeBot/1.0; +claudebot@anthropic.com)"
216.73.216.212 - - [19/Apr/2026:19:21:38 +0300] "GET /wp-includes/class-wp-xmlrpc-server.php HTTP/1.1" 500 - "-" "Mozilla/5.0 AppleWebKit/537.36 (KHTML, like Gecko; compatible; ClaudeBot/1.0; +claudebot@anthropic.com)"
216.73.216.212 - - [19/Apr/2026:19:21:38 +0300] "GET /wp-includes/class-wp-customize-widgets.php HTTP/1.1" 200 - "-" "Mozilla/5.0 AppleWebKit/537.36 (KHTML, like Gecko; compatible; ClaudeBot/1.0; +claudebot@anthropic.com)"
216.73.216.212 - - [19/Apr/2026:19:21:39 +0300] "GET /wp-includes/feed-rdf.php HTTP/1.1" 500 - "-" "Mozilla/5.0 AppleWebKit/537.36 (KHTML, like Gecko; compatible; ClaudeBot/1.0; +claudebot@anthropic.com)"
216.73.216.212 - - [19/Apr/2026:19:21:39 +0300] "GET /wp-includes/class-wp-fatal-error-handler.php HTTP/1.1" 200 - "-" "Mozilla/5.0 AppleWebKit/537.36 (KHTML, like Gecko; compatible; ClaudeBot/1.0; +claudebot@anthropic.com)"
216.73.216.212 - - [19/Apr/2026:19:21:40 +0300] "GET /wp-includes/class-wp-comment-query.php HTTP/1.1" 200 - "-" "Mozilla/5.0 AppleWebKit/537.36 (KHTML, like Gecko; compatible; ClaudeBot/1.0; +claudebot@anthropic.com)"
216.73.216.212 - - [19/Apr/2026:19:21:40 +0300] "GET /wp-includes/class-wp-plugin-dependencies.php HTTP/1.1" 200 - "-" "Mozilla/5.0 AppleWebKit/537.36 (KHTML, like Gecko; compatible; ClaudeBot/1.0; +claudebot@anthropic.com)"
216.73.216.212 - - [19/Apr/2026:19:21:41 +0300] "GET /wp-includes/feed-rss2-comments.php HTTP/1.1" 500 - "-" "Mozilla/5.0 AppleWebKit/537.36 (KHTML, like Gecko; compatible; ClaudeBot/1.0; +claudebot@anthropic.com)"
216.73.216.212 - - [19/Apr/2026:19:21:41 +0300] "GET /wp-includes/class-wp-metadata-lazyloader.php HTTP/1.1" 200 - "-" "Mozilla/5.0 AppleWebKit/537.36 (KHTML, like Gecko; compatible; ClaudeBot/1.0; +claudebot@anthropic.com)"
216.73.216.212 - - [19/Apr/2026:19:21:42 +0300] "GET /wp-includes/class-wp-speculation-rules.php HTTP/1.1" 200 - "-" "Mozilla/5.0 AppleWebKit/537.36 (KHTML, like Gecko; compatible; ClaudeBot/1.0; +claudebot@anthropic.com)"
216.73.216.212 - - [19/Apr/2026:19:21:42 +0300] "GET /wp-includes/class-wp-user-query.php HTTP/1.1" 200 - "-" "Mozilla/5.0 AppleWebKit/537.36 (KHTML, like Gecko; compatible; ClaudeBot/1.0; +claudebot@anthropic.com)"
216.73.216.212 - - [19/Apr/2026:19:21:43 +0300] "GET /wp-includes/class-wp-theme-json-resolver.php HTTP/1.1" 200 - "-" "Mozilla/5.0 AppleWebKit/537.36 (KHTML, like Gecko; compatible; ClaudeBot/1.0; +claudebot@anthropic.com)"
216.73.216.212 - - [19/Apr/2026:19:21:43 +0300] "GET /wp-includes/class-wp-block-parser-frame.php HTTP/1.1" 200 - "-" "Mozilla/5.0 AppleWebKit/537.36 (KHTML, like Gecko; compatible; ClaudeBot/1.0; +claudebot@anthropic.com)"
216.73.216.212 - - [19/Apr/2026:19:21:44 +0300] "GET /wp-includes/class-wp-block-parser-block.php HTTP/1.1" 200 - "-" "Mozilla/5.0 AppleWebKit/537.36 (KHTML, like Gecko; compatible; ClaudeBot/1.0; +claudebot@anthropic.com)"
216.73.216.212 - - [19/Apr/2026:19:21:44 +0300] "GET /wp-includes/class-wp-text-diff-renderer-table.php HTTP/1.1" 200 2 "-" "Mozilla/5.0 AppleWebKit/537.36 (KHTML, like Gecko; compatible; ClaudeBot/1.0; +claudebot@anthropic.com)"
216.73.216.212 - - [19/Apr/2026:19:21:45 +0300] "GET /wp-includes/class-wp-theme-json-schema.php HTTP/1.1" 200 - "-" "Mozilla/5.0 AppleWebKit/537.36 (KHTML, like Gecko; compatible; ClaudeBot/1.0; +claudebot@anthropic.com)"
216.73.216.212 - - [19/Apr/2026:19:21:45 +0300] "GET /wp-includes/class-wp-theme-json-data.php HTTP/1.1" 200 - "-" "Mozilla/5.0 AppleWebKit/537.36 (KHTML, like Gecko; compatible; ClaudeBot/1.0; +claudebot@anthropic.com)"
216.73.216.212 - - [19/Apr/2026:19:21:46 +0300] "GET /wp-includes/class-wp-text-diff-renderer-inline.php HTTP/1.1" 500 - "-" "Mozilla/5.0 AppleWebKit/537.36 (KHTML, like Gecko; compatible; ClaudeBot/1.0; +claudebot@anthropic.com)"
47.128.53.12 - - [19/Apr/2026:19:22:12 +0300] "GET /uje.txt HTTP/1.1" 200 1 "-" "Mozilla/5.0 (Linux; Android 5.0) AppleWebKit/537.36 (KHTML, like Gecko) Mobile Safari/537.36 (compatible; Bytespider; spider-feedback@bytedance.com)"
216.73.216.212 - - [19/Apr/2026:19:22:48 +0300] "GET /wp-includes/class-wp-site-query.php HTTP/1.1" 200 - "-" "Mozilla/5.0 AppleWebKit/537.36 (KHTML, like Gecko; compatible; ClaudeBot/1.0; +claudebot@anthropic.com)"
216.73.216.212 - - [19/Apr/2026:19:22:48 +0300] "GET /wp-includes/class-wp-meta-query.php HTTP/1.1" 200 - "-" "Mozilla/5.0 AppleWebKit/537.36 (KHTML, like Gecko; compatible; ClaudeBot/1.0; +claudebot@anthropic.com)"
216.73.216.212 - - [19/Apr/2026:19:22:48 +0300] "GET /wp-includes/class-wp-script-modules.php HTTP/1.1" 200 - "-" "Mozilla/5.0 AppleWebKit/537.36 (KHTML, like Gecko; compatible; ClaudeBot/1.0; +claudebot@anthropic.com)"
216.73.216.212 - - [19/Apr/2026:19:22:49 +0300] "GET /wp-includes/class-wp-feed-cache-transient.php HTTP/1.1" 500 - "-" "Mozilla/5.0 AppleWebKit/537.36 (KHTML, like Gecko; compatible; ClaudeBot/1.0; +claudebot@anthropic.com)"
216.73.216.212 - - [19/Apr/2026:19:22:49 +0300] "GET /wp-includes/class-wp-oembed-controller.php HTTP/1.1" 200 - "-" "Mozilla/5.0 AppleWebKit/537.36 (KHTML, like Gecko; compatible; ClaudeBot/1.0; +claudebot@anthropic.com)"
216.73.216.212 - - [19/Apr/2026:19:22:50 +0300] "GET /wp-includes/class-wp-http-encoding.php HTTP/1.1" 200 - "-" "Mozilla/5.0 AppleWebKit/537.36 (KHTML, like Gecko; compatible; ClaudeBot/1.0; +claudebot@anthropic.com)"
216.73.216.212 - - [19/Apr/2026:19:22:50 +0300] "GET /wp-includes/class-wp-url-pattern-prefixer.php HTTP/1.1" 200 - "-" "Mozilla/5.0 AppleWebKit/537.36 (KHTML, like Gecko; compatible; ClaudeBot/1.0; +claudebot@anthropic.com)"
216.73.216.212 - - [19/Apr/2026:19:22:51 +0300] "GET /wp-includes/class-wp-customize-panel.php HTTP/1.1" 200 2 "-" "Mozilla/5.0 AppleWebKit/537.36 (KHTML, like Gecko; compatible; ClaudeBot/1.0; +claudebot@anthropic.com)"
216.73.216.212 - - [19/Apr/2026:19:22:51 +0300] "GET /wp-includes/class-wp-date-query.php HTTP/1.1" 200 - "-" "Mozilla/5.0 AppleWebKit/537.36 (KHTML, like Gecko; compatible; ClaudeBot/1.0; +claudebot@anthropic.com)"
216.73.216.212 - - [19/Apr/2026:19:22:52 +0300] "GET /wp-includes/class-wp-block-type.php HTTP/1.1" 200 - "-" "Mozilla/5.0 AppleWebKit/537.36 (KHTML, like Gecko; compatible; ClaudeBot/1.0; +claudebot@anthropic.com)"
216.73.216.212 - - [19/Apr/2026:19:22:52 +0300] "GET /wp-includes/default-widgets.php HTTP/1.1" 200 2 "-" "Mozilla/5.0 AppleWebKit/537.36 (KHTML, like Gecko; compatible; ClaudeBot/1.0; +claudebot@anthropic.com)"
216.73.216.212 - - [19/Apr/2026:19:22:53 +0300] "GET /wp-includes/class-wp-theme-json.php HTTP/1.1" 200 - "-" "Mozilla/5.0 AppleWebKit/537.36 (KHTML, like Gecko; compatible; ClaudeBot/1.0; +claudebot@anthropic.com)"
216.73.216.212 - - [19/Apr/2026:19:22:53 +0300] "GET /wp-includes/class-wp-block-bindings-source.php HTTP/1.1" 200 - "-" "Mozilla/5.0 AppleWebKit/537.36 (KHTML, like Gecko; compatible; ClaudeBot/1.0; +claudebot@anthropic.com)"
216.73.216.212 - - [19/Apr/2026:19:22:54 +0300] "GET /wp-includes/class-wp-network-query.php HTTP/1.1" 200 - "-" "Mozilla/5.0 AppleWebKit/537.36 (KHTML, like Gecko; compatible; ClaudeBot/1.0; +claudebot@anthropic.com)"
216.73.216.212 - - [19/Apr/2026:19:22:54 +0300] "GET /wp-includes/class-wp-matchesmapregex.php HTTP/1.1" 200 - "-" "Mozilla/5.0 AppleWebKit/537.36 (KHTML, like Gecko; compatible; ClaudeBot/1.0; +claudebot@anthropic.com)"
216.73.216.212 - - [19/Apr/2026:19:22:55 +0300] "GET /wp-includes/class-wp-object-cache.php HTTP/1.1" 200 - "-" "Mozilla/5.0 AppleWebKit/537.36 (KHTML, like Gecko; compatible; ClaudeBot/1.0; +claudebot@anthropic.com)"
216.73.216.212 - - [19/Apr/2026:19:22:55 +0300] "GET /wp-includes/class-wp-term-query.php HTTP/1.1" 200 - "-" "Mozilla/5.0 AppleWebKit/537.36 (KHTML, like Gecko; compatible; ClaudeBot/1.0; +claudebot@anthropic.com)"
216.73.216.212 - - [19/Apr/2026:19:22:56 +0300] "GET /wp-includes/class-wp-http-proxy.php HTTP/1.1" 200 - "-" "Mozilla/5.0 AppleWebKit/537.36 (KHTML, like Gecko; compatible; ClaudeBot/1.0; +claudebot@anthropic.com)"
216.73.216.212 - - [19/Apr/2026:19:22:57 +0300] "GET /wp-includes/feed-rss.php HTTP/1.1" 500 - "-" "Mozilla/5.0 AppleWebKit/537.36 (KHTML, like Gecko; compatible; ClaudeBot/1.0; +claudebot@anthropic.com)"
216.73.216.212 - - [19/Apr/2026:19:22:57 +0300] "GET /wp-includes/ms-blogs.php HTTP/1.1" 200 2 "-" "Mozilla/5.0 AppleWebKit/537.36 (KHTML, like Gecko; compatible; ClaudeBot/1.0; +claudebot@anthropic.com)"
216.73.216.212 - - [19/Apr/2026:19:22:57 +0300] "GET /wp-includes/shortcodes.php HTTP/1.1" 200 - "-" "Mozilla/5.0 AppleWebKit/537.36 (KHTML, like Gecko; compatible; ClaudeBot/1.0; +claudebot@anthropic.com)"
216.73.216.212 - - [19/Apr/2026:19:22:58 +0300] "GET /wp-includes/rest-api.php HTTP/1.1" 200 - "-" "Mozilla/5.0 AppleWebKit/537.36 (KHTML, like Gecko; compatible; ClaudeBot/1.0; +claudebot@anthropic.com)"
216.73.216.212 - - [19/Apr/2026:19:22:58 +0300] "GET /wp-includes/ms-default-constants.php HTTP/1.1" 200 - "-" "Mozilla/5.0 AppleWebKit/537.36 (KHTML, like Gecko; compatible; ClaudeBot/1.0; +claudebot@anthropic.com)"
216.73.216.212 - - [19/Apr/2026:19:22:59 +0300] "GET /wp-includes/class-wp-error.php HTTP/1.1" 200 - "-" "Mozilla/5.0 AppleWebKit/537.36 (KHTML, like Gecko; compatible; ClaudeBot/1.0; +claudebot@anthropic.com)"
216.73.216.212 - - [19/Apr/2026:19:22:59 +0300] "GET /wp-includes/class-wp-customize-control.php HTTP/1.1" 200 2 "-" "Mozilla/5.0 AppleWebKit/537.36 (KHTML, like Gecko; compatible; ClaudeBot/1.0; +claudebot@anthropic.com)"
216.73.216.212 - - [19/Apr/2026:19:23:00 +0300] "GET /wp-includes/class-wp-customize-setting.php HTTP/1.1" 200 2 "-" "Mozilla/5.0 AppleWebKit/537.36 (KHTML, like Gecko; compatible; ClaudeBot/1.0; +claudebot@anthropic.com)"
216.73.216.212 - - [19/Apr/2026:19:23:00 +0300] "GET /wp-includes/class-wp-post-type.php HTTP/1.1" 200 - "-" "Mozilla/5.0 AppleWebKit/537.36 (KHTML, like Gecko; compatible; ClaudeBot/1.0; +claudebot@anthropic.com)"
216.73.216.212 - - [19/Apr/2026:19:23:01 +0300] "GET /wp-includes/class-wp-query.php HTTP/1.1" 200 - "-" "Mozilla/5.0 AppleWebKit/537.36 (KHTML, like Gecko; compatible; ClaudeBot/1.0; +claudebot@anthropic.com)"
216.73.216.212 - - [19/Apr/2026:19:23:01 +0300] "GET /wp-includes/class-wp-admin-bar.php HTTP/1.1" 200 - "-" "Mozilla/5.0 AppleWebKit/537.36 (KHTML, like Gecko; compatible; ClaudeBot/1.0; +claudebot@anthropic.com)"
216.73.216.212 - - [19/Apr/2026:19:23:02 +0300] "GET /wp-includes/feed-atom-comments.php HTTP/1.1" 500 - "-" "Mozilla/5.0 AppleWebKit/537.36 (KHTML, like Gecko; compatible; ClaudeBot/1.0; +claudebot@anthropic.com)"
216.73.216.212 - - [19/Apr/2026:19:23:03 +0300] "GET /wp-includes/class-wp-customize-section.php HTTP/1.1" 500 - "-" "Mozilla/5.0 AppleWebKit/537.36 (KHTML, like Gecko; compatible; ClaudeBot/1.0; +claudebot@anthropic.com)"
216.73.216.212 - - [19/Apr/2026:19:23:03 +0300] "GET /wp-includes/block-template-utils.php HTTP/1.1" 200 - "-" "Mozilla/5.0 AppleWebKit/537.36 (KHTML, like Gecko; compatible; ClaudeBot/1.0; +claudebot@anthropic.com)"
216.73.216.212 - - [19/Apr/2026:19:23:03 +0300] "GET /wp-includes/class-wp-block-processor.php HTTP/1.1" 200 - "-" "Mozilla/5.0 AppleWebKit/537.36 (KHTML, like Gecko; compatible; ClaudeBot/1.0; +claudebot@anthropic.com)"
216.73.216.212 - - [19/Apr/2026:19:23:04 +0300] "GET /wp-includes/class-wp-navigation-fallback.php HTTP/1.1" 200 - "-" "Mozilla/5.0 AppleWebKit/537.36 (KHTML, like Gecko; compatible; ClaudeBot/1.0; +claudebot@anthropic.com)"
216.73.216.212 - - [19/Apr/2026:19:23:04 +0300] "GET /wp-includes/class-wp-block-parser.php HTTP/1.1" 200 - "-" "Mozilla/5.0 AppleWebKit/537.36 (KHTML, like Gecko; compatible; ClaudeBot/1.0; +claudebot@anthropic.com)"
216.73.216.212 - - [19/Apr/2026:19:23:05 +0300] "GET /wp-includes/class-wp-block-editor-context.php HTTP/1.1" 200 - "-" "Mozilla/5.0 AppleWebKit/537.36 (KHTML, like Gecko; compatible; ClaudeBot/1.0; +claudebot@anthropic.com)"
216.73.216.212 - - [19/Apr/2026:19:23:10 +0300] "GET /wp-includes/class-wp-block.php HTTP/1.1" 200 - "-" "Mozilla/5.0 AppleWebKit/537.36 (KHTML, like Gecko; compatible; ClaudeBot/1.0; +claudebot@anthropic.com)"
216.73.216.212 - - [19/Apr/2026:19:23:10 +0300] "GET /wp-includes/class-wp-editor.php HTTP/1.1" 200 - "-" "Mozilla/5.0 AppleWebKit/537.36 (KHTML, like Gecko; compatible; ClaudeBot/1.0; +claudebot@anthropic.com)"
216.73.216.212 - - [19/Apr/2026:19:23:10 +0300] "GET /wp-includes/abilities-api.php HTTP/1.1" 200 - "-" "Mozilla/5.0 AppleWebKit/537.36 (KHTML, like Gecko; compatible; ClaudeBot/1.0; +claudebot@anthropic.com)"
216.73.216.212 - - [19/Apr/2026:19:23:11 +0300] "GET /wp-includes/link-template.php HTTP/1.1" 200 - "-" "Mozilla/5.0 AppleWebKit/537.36 (KHTML, like Gecko; compatible; ClaudeBot/1.0; +claudebot@anthropic.com)"
216.73.216.212 - - [19/Apr/2026:19:23:11 +0300] "GET /wp-includes/class-wp-widget.php HTTP/1.1" 200 - "-" "Mozilla/5.0 AppleWebKit/537.36 (KHTML, like Gecko; compatible; ClaudeBot/1.0; +claudebot@anthropic.com)"
216.73.216.212 - - [19/Apr/2026:19:23:12 +0300] "GET /wp-includes/class-wp-comment.php HTTP/1.1" 200 - "-" "Mozilla/5.0 AppleWebKit/537.36 (KHTML, like Gecko; compatible; ClaudeBot/1.0; +claudebot@anthropic.com)"
216.73.216.212 - - [19/Apr/2026:19:23:12 +0300] "GET /wp-includes/class-simplepie.php HTTP/1.1" 500 - "-" "Mozilla/5.0 AppleWebKit/537.36 (KHTML, like Gecko; compatible; ClaudeBot/1.0; +claudebot@anthropic.com)"
216.73.216.212 - - [19/Apr/2026:19:23:13 +0300] "GET /wp-includes/class-wp-token-map.php HTTP/1.1" 200 - "-" "Mozilla/5.0 AppleWebKit/537.36 (KHTML, like Gecko; compatible; ClaudeBot/1.0; +claudebot@anthropic.com)"
216.73.216.212 - - [19/Apr/2026:19:23:13 +0300] "GET /wp-includes/rss-functions.php HTTP/1.1" 200 - "-" "Mozilla/5.0 AppleWebKit/537.36 (KHTML, like Gecko; compatible; ClaudeBot/1.0; +claudebot@anthropic.com)"
216.73.216.212 - - [19/Apr/2026:19:23:14 +0300] "GET /wp-includes/speculative-loading.php HTTP/1.1" 200 - "-" "Mozilla/5.0 AppleWebKit/537.36 (KHTML, like Gecko; compatible; ClaudeBot/1.0; +claudebot@anthropic.com)"
216.73.216.212 - - [19/Apr/2026:19:23:14 +0300] "GET /wp-includes/comment-template.php HTTP/1.1" 200 - "-" "Mozilla/5.0 AppleWebKit/537.36 (KHTML, like Gecko; compatible; ClaudeBot/1.0; +claudebot@anthropic.com)"
216.73.216.212 - - [19/Apr/2026:19:23:15 +0300] "GET /wp-includes/class-wp-styles.php HTTP/1.1" 500 - "-" "Mozilla/5.0 AppleWebKit/537.36 (KHTML, like Gecko; compatible; ClaudeBot/1.0; +claudebot@anthropic.com)"
216.73.216.212 - - [19/Apr/2026:19:23:15 +0300] "GET /wp-includes/class-wpdb.php HTTP/1.1" 200 - "-" "Mozilla/5.0 AppleWebKit/537.36 (KHTML, like Gecko; compatible; ClaudeBot/1.0; +claudebot@anthropic.com)"
216.73.216.212 - - [19/Apr/2026:19:23:16 +0300] "GET /wp-includes/class-wp-user.php HTTP/1.1" 200 - "-" "Mozilla/5.0 AppleWebKit/537.36 (KHTML, like Gecko; compatible; ClaudeBot/1.0; +claudebot@anthropic.com)"
216.73.216.212 - - [19/Apr/2026:19:23:16 +0300] "GET /wp-includes/class-wp-theme.php HTTP/1.1" 200 - "-" "Mozilla/5.0 AppleWebKit/537.36 (KHTML, like Gecko; compatible; ClaudeBot/1.0; +claudebot@anthropic.com)"
216.73.216.212 - - [19/Apr/2026:19:23:17 +0300] "GET /wp-includes/class-wp-customize-manager.php HTTP/1.1" 200 - "-" "Mozilla/5.0 AppleWebKit/537.36 (KHTML, like Gecko; compatible; ClaudeBot/1.0; +claudebot@anthropic.com)"
216.73.216.212 - - [19/Apr/2026:19:23:17 +0300] "GET /wp-includes/class-wp-oembed.php HTTP/1.1" 200 - "-" "Mozilla/5.0 AppleWebKit/537.36 (KHTML, like Gecko; compatible; ClaudeBot/1.0; +claudebot@anthropic.com)"
216.73.216.212 - - [19/Apr/2026:19:23:18 +0300] "GET /wp-includes/class-wp-list-util.php HTTP/1.1" 200 - "-" "Mozilla/5.0 AppleWebKit/537.36 (KHTML, like Gecko; compatible; ClaudeBot/1.0; +claudebot@anthropic.com)"
216.73.216.212 - - [19/Apr/2026:19:24:03 +0300] "GET /wp-includes/plugin.php HTTP/1.1" 200 - "-" "Mozilla/5.0 AppleWebKit/537.36 (KHTML, like Gecko; compatible; ClaudeBot/1.0; +claudebot@anthropic.com)"
216.73.216.212 - - [19/Apr/2026:19:24:03 +0300] "GET /wp-includes/class-wp-scripts.php HTTP/1.1" 500 - "-" "Mozilla/5.0 AppleWebKit/537.36 (KHTML, like Gecko; compatible; ClaudeBot/1.0; +claudebot@anthropic.com)"
216.73.216.212 - - [19/Apr/2026:19:24:04 +0300] "GET /wp-includes/wp-diff.php HTTP/1.1" 200 2 "-" "Mozilla/5.0 AppleWebKit/537.36 (KHTML, like Gecko; compatible; ClaudeBot/1.0; +claudebot@anthropic.com)"
216.73.216.212 - - [19/Apr/2026:19:24:04 +0300] "GET /wp-includes/class-wp-term.php HTTP/1.1" 200 - "-" "Mozilla/5.0 AppleWebKit/537.36 (KHTML, like Gecko; compatible; ClaudeBot/1.0; +claudebot@anthropic.com)"
216.73.216.212 - - [19/Apr/2026:19:24:04 +0300] "GET /wp-includes/class-wp-feed-cache.php HTTP/1.1" 500 - "-" "Mozilla/5.0 AppleWebKit/537.36 (KHTML, like Gecko; compatible; ClaudeBot/1.0; +claudebot@anthropic.com)"
216.73.216.212 - - [19/Apr/2026:19:24:05 +0300] "GET /wp-includes/class-json.php HTTP/1.1" 500 - "-" "Mozilla/5.0 AppleWebKit/537.36 (KHTML, like Gecko; compatible; ClaudeBot/1.0; +claudebot@anthropic.com)"
216.73.216.212 - - [19/Apr/2026:19:24:10 +0300] "GET /wp-includes/default-constants.php HTTP/1.1" 200 - "-" "Mozilla/5.0 AppleWebKit/537.36 (KHTML, like Gecko; compatible; ClaudeBot/1.0; +claudebot@anthropic.com)"
216.73.216.212 - - [19/Apr/2026:19:24:15 +0300] "GET /wp-includes/template-loader.php HTTP/1.1" 500 - "-" "Mozilla/5.0 AppleWebKit/537.36 (KHTML, like Gecko; compatible; ClaudeBot/1.0; +claudebot@anthropic.com)"
216.73.216.212 - - [19/Apr/2026:19:24:21 +0300] "GET /wp-includes/spl-autoload-compat.php HTTP/1.1" 500 - "-" "Mozilla/5.0 AppleWebKit/537.36 (KHTML, like Gecko; compatible; ClaudeBot/1.0; +claudebot@anthropic.com)"
216.73.216.212 - - [19/Apr/2026:19:24:25 +0300] "GET /wp-includes/general-template.php HTTP/1.1" 200 - "-" "Mozilla/5.0 AppleWebKit/537.36 (KHTML, like Gecko; compatible; ClaudeBot/1.0; +claudebot@anthropic.com)"
216.73.216.212 - - [19/Apr/2026:19:24:30 +0300] "GET /wp-includes/blocks.php HTTP/1.1" 200 - "-" "Mozilla/5.0 AppleWebKit/537.36 (KHTML, like Gecko; compatible; ClaudeBot/1.0; +claudebot@anthropic.com)"
216.73.216.212 - - [19/Apr/2026:19:24:35 +0300] "GET /wp-includes/rest-api/ HTTP/1.1" 200 1793 "-" "Mozilla/5.0 AppleWebKit/537.36 (KHTML, like Gecko; compatible; ClaudeBot/1.0; +claudebot@anthropic.com)"
216.73.216.212 - - [19/Apr/2026:19:24:39 +0300] "GET /wp-includes/atomlib.php HTTP/1.1" 200 - "-" "Mozilla/5.0 AppleWebKit/537.36 (KHTML, like Gecko; compatible; ClaudeBot/1.0; +claudebot@anthropic.com)"
216.73.216.212 - - [19/Apr/2026:19:24:43 +0300] "GET /wp-includes/script-loader.php HTTP/1.1" 500 - "-" "Mozilla/5.0 AppleWebKit/537.36 (KHTML, like Gecko; compatible; ClaudeBot/1.0; +claudebot@anthropic.com)"
216.73.216.212 - - [19/Apr/2026:19:24:48 +0300] "GET /wp-includes/class-wp-network.php HTTP/1.1" 200 - "-" "Mozilla/5.0 AppleWebKit/537.36 (KHTML, like Gecko; compatible; ClaudeBot/1.0; +claudebot@anthropic.com)"
216.73.216.212 - - [19/Apr/2026:19:24:53 +0300] "GET /wp-includes/functions.wp-scripts.php HTTP/1.1" 200 - "-" "Mozilla/5.0 AppleWebKit/537.36 (KHTML, like Gecko; compatible; ClaudeBot/1.0; +claudebot@anthropic.com)"
216.73.216.212 - - [19/Apr/2026:19:24:58 +0300] "GET /wp-includes/class-wp-simplepie-file.php HTTP/1.1" 500 - "-" "Mozilla/5.0 AppleWebKit/537.36 (KHTML, like Gecko; compatible; ClaudeBot/1.0; +claudebot@anthropic.com)"
216.73.216.212 - - [19/Apr/2026:19:25:03 +0300] "GET /wp-includes/class-wp-dependency.php HTTP/1.1" 200 - "-" "Mozilla/5.0 AppleWebKit/537.36 (KHTML, like Gecko; compatible; ClaudeBot/1.0; +claudebot@anthropic.com)"
216.73.216.212 - - [19/Apr/2026:19:25:08 +0300] "GET /wp-includes/widgets.php HTTP/1.1" 200 - "-" "Mozilla/5.0 AppleWebKit/537.36 (KHTML, like Gecko; compatible; ClaudeBot/1.0; +claudebot@anthropic.com)"
216.73.216.212 - - [19/Apr/2026:19:25:18 +0300] "GET /wp-includes/feed-rss2.php HTTP/1.1" 500 - "-" "Mozilla/5.0 AppleWebKit/537.36 (KHTML, like Gecko; compatible; ClaudeBot/1.0; +claudebot@anthropic.com)"
216.73.216.212 - - [19/Apr/2026:19:25:23 +0300] "GET /wp-includes/script-modules.php HTTP/1.1" 200 - "-" "Mozilla/5.0 AppleWebKit/537.36 (KHTML, like Gecko; compatible; ClaudeBot/1.0; +claudebot@anthropic.com)"
216.73.216.212 - - [19/Apr/2026:19:25:28 +0300] "GET /wp-includes/registration.php HTTP/1.1" 500 - "-" "Mozilla/5.0 AppleWebKit/537.36 (KHTML, like Gecko; compatible; ClaudeBot/1.0; +claudebot@anthropic.com)"
216.73.216.212 - - [19/Apr/2026:19:25:33 +0300] "GET /wp-includes/php-compat/ HTTP/1.1" 200 861 "-" "Mozilla/5.0 AppleWebKit/537.36 (KHTML, like Gecko; compatible; ClaudeBot/1.0; +claudebot@anthropic.com)"
216.73.216.212 - - [19/Apr/2026:19:25:38 +0300] "GET /wp-includes/block-bindings.php HTTP/1.1" 200 - "-" "Mozilla/5.0 AppleWebKit/537.36 (KHTML, like Gecko; compatible; ClaudeBot/1.0; +claudebot@anthropic.com)"
66.249.69.237 - - [19/Apr/2026:19:25:40 +0300] "GET /?b=61106912936591 HTTP/1.1" 200 5166 "-" "Mozilla/5.0 (Linux; Android 6.0.1; Nexus 5X Build/MMB29P) AppleWebKit/537.36 (KHTML, like Gecko) Chrome/146.0.7680.177 Mobile Safari/537.36 (compatible; Googlebot/2.1; +http://www.google.com/bot.html)"
216.73.216.212 - - [19/Apr/2026:19:25:43 +0300] "GET /wp-includes/version.php HTTP/1.1" 200 - "-" "Mozilla/5.0 AppleWebKit/537.36 (KHTML, like Gecko; compatible; ClaudeBot/1.0; +claudebot@anthropic.com)"
216.73.216.212 - - [19/Apr/2026:19:25:47 +0300] "GET /wp-includes/feed-atom.php HTTP/1.1" 200 2 "-" "Mozilla/5.0 AppleWebKit/537.36 (KHTML, like Gecko; compatible; ClaudeBot/1.0; +claudebot@anthropic.com)"
216.73.216.212 - - [19/Apr/2026:19:25:52 +0300] "GET /wp-includes/ms-site.php HTTP/1.1" 200 - "-" "Mozilla/5.0 AppleWebKit/537.36 (KHTML, like Gecko; compatible; ClaudeBot/1.0; +claudebot@anthropic.com)"
216.73.216.212 - - [19/Apr/2026:19:25:57 +0300] "GET /wp-includes/class-pop3.php HTTP/1.1" 200 - "-" "Mozilla/5.0 AppleWebKit/537.36 (KHTML, like Gecko; compatible; ClaudeBot/1.0; +claudebot@anthropic.com)"
216.73.216.212 - - [19/Apr/2026:19:26:02 +0300] "GET /wp-includes/class-wp-image-editor.php HTTP/1.1" 200 - "-" "Mozilla/5.0 AppleWebKit/537.36 (KHTML, like Gecko; compatible; ClaudeBot/1.0; +claudebot@anthropic.com)"
66.249.69.235 - - [19/Apr/2026:19:26:03 +0300] "GET /?b=41935855117444 HTTP/1.1" 200 5166 "-" "Mozilla/5.0 (Linux; Android 6.0.1; Nexus 5X Build/MMB29P) AppleWebKit/537.36 (KHTML, like Gecko) Chrome/146.0.7680.177 Mobile Safari/537.36 (compatible; GoogleOther)"
